{"id":1967,"date":"2025-07-14T14:32:49","date_gmt":"2025-07-14T14:32:49","guid":{"rendered":"https:\/\/asqhub.com\/arbidia\/?page_id=1967"},"modified":"2025-07-14T18:14:09","modified_gmt":"2025-07-14T18:14:09","slug":"faq-freightsure","status":"publish","type":"page","link":"https:\/\/asqhub.com\/arbidia\/faq-freightsure\/","title":{"rendered":"FAQ"},"content":{"rendered":"<div class=\"wpb-content-wrapper\"><section style=\"\" class=\"vc_section vc_custom_1575621496598 vc_section-has-fill\"><div style=\"\" class=\"vc_row wpb_row vc_row-fluid vc_custom_1752507533059 vc_row-has-fill\"><div class=\"row-inner\"><div class=\"wpb_column vc_column_container vc_col-sm-2\"><div class=\"vc_column-inner\"><div class=\"wpb_wrapper\"><\/div><\/div><\/div><div class=\"wpb_column vc_column_container vc_col-sm-8\"><div class=\"vc_column-inner\"><div class=\"wpb_wrapper\"><div class=\"vc_icon_element vc_icon_element-outer vc_do_icon vc_icon_element-align-center\"><div class=\"vc_icon_element-inner vc_icon_element-color-white vc_icon_element-size-xl vc_icon_element-style- vc_icon_element-background-color-grey\" ><span class=\"vc_icon_element-icon entypo-icon entypo-icon-chat\" ><\/span><\/div><\/div><div class=\"vc_row wpb_row vc_inner vc_row-fluid\"><div class=\"wpb_column vc_column_container vc_col-sm-2\"><div class=\"vc_column-inner\"><div class=\"wpb_wrapper\"><\/div><\/div><\/div><div class=\"wpb_column vc_column_container vc_col-sm-8\"><div class=\"vc_column-inner\"><div class=\"wpb_wrapper\"><h2 style=\"color: #ffffff;text-align: center\" class=\"vc_custom_heading vc_do_custom_heading text-shadow\" >Avez-vous des questions?<\/h2><div class=\"vc_empty_space\"   style=\"height: 10px\"><span class=\"vc_empty_space_inner\"><\/span><\/div><div style=\"color: rgba(255,255,255,0.9);text-align: center\" class=\"vc_custom_heading vc_do_custom_heading\" >Trouvez des r\u00e9ponses et des solutions aux probl\u00e8mes informatiques courants. Si vous ne trouvez pas de r\u00e9ponse, contactez-nous ; nous serons ravis de vous aider.<\/div><\/div><\/div><\/div><div class=\"wpb_column vc_column_container vc_col-sm-2\"><div class=\"vc_column-inner\"><div class=\"wpb_wrapper\"><\/div><\/div><\/div><\/div><div class=\"vc_empty_space\"   style=\"height: 40px\"><span class=\"vc_empty_space_inner\"><\/span><\/div><div  class=\"vc_wp_search wpb_content_element faq\"><div class=\"widget widget_search\"><form role=\"search\" method=\"get\" class=\"search-form\" action=\"https:\/\/asqhub.com\/arbidia\/\">\n\t\t\t\t<label>\n\t\t\t\t\t<span class=\"screen-reader-text\">Rechercher\u00a0:<\/span>\n\t\t\t\t\t<input type=\"search\" class=\"search-field\" placeholder=\"Rechercher\u2026\" value=\"\" name=\"s\" \/>\n\t\t\t\t<\/label>\n\t\t\t\t<input type=\"submit\" class=\"search-submit\" value=\"Rechercher\" \/>\n\t\t\t<\/form><\/div><\/div><div class=\"vc_empty_space\"   style=\"height: 30px\"><span class=\"vc_empty_space_inner\"><\/span><\/div><div style=\"font-size: 14px;color: rgba(255,255,255,0.9);text-align: center\" class=\"vc_custom_heading vc_do_custom_heading\" >Veuillez appeler notre bureau au +216 29 849 431 ou nous envoyer un e-mail avec votre question<\/div><\/div><\/div><\/div><div class=\"wpb_column vc_column_container vc_col-sm-2\"><div class=\"vc_column-inner\"><div class=\"wpb_wrapper\"><\/div><\/div><\/div><\/div><\/div><\/section><div style=\"\" class=\"vc_row wpb_row vc_row-fluid\"><div class=\"row-inner\"><div class=\"wpb_column vc_column_container vc_col-sm-12 vc_hidden-sm vc_hidden-xs\"><div class=\"vc_column-inner\"><div class=\"wpb_wrapper\"><div  class=\"wpb_widgetised_column wpb_content_element\">\n\t\t<div class=\"wpb_wrapper\">\n\t\t\t\n\t\t\t<div id=\"nav_menu-8\" class=\"widget-odd widget-last widget-first widget-1 fixed-menu widget widget_nav_menu\"><div class=\"menu-industries-container\"><ul id=\"menu-industries\" class=\"menu\"><li id=\"menu-item-1274\" class=\"menu-item menu-item-type-custom menu-item-object-custom menu-item-1274\"><a href=\"https:\/\/asqhub.com\/arbidia\/cas-dusage-freigtsure\/\" data-ps2id-api=\"true\">Transport de Collectivit\u00e9s &#038; Produits Laitiers<\/a><\/li>\n<li id=\"menu-item-1300\" class=\"menu-item menu-item-type-custom menu-item-object-custom menu-item-1300\"><a href=\"https:\/\/asqhub.com\/arbidia\/transport-dhydrocarbures\/\" data-ps2id-api=\"true\">Transport d\u2019Hydrocarbures<\/a><\/li>\n<li id=\"menu-item-1275\" class=\"menu-item menu-item-type-custom menu-item-object-custom menu-item-1275\"><a href=\"https:\/\/asqhub.com\/arbidia\/transport-agricole\/\" data-ps2id-api=\"true\">Transport Agricole<\/a><\/li>\n<li id=\"menu-item-1276\" class=\"menu-item menu-item-type-custom menu-item-object-custom menu-item-1276\"><a href=\"https:\/\/asqhub.com\/arbidia\/transport-de-produits-frais\/\" data-ps2id-api=\"true\">Transport de Produits Frais<\/a><\/li>\n<li id=\"menu-item-1277\" class=\"menu-item menu-item-type-custom menu-item-object-custom menu-item-1277\"><a href=\"https:\/\/asqhub.com\/arbidia\/retail-distribution\/\" data-ps2id-api=\"true\">Retail &#038; Distribution<\/a><\/li>\n<li id=\"menu-item-1280\" class=\"menu-item menu-item-type-custom menu-item-object-custom menu-item-1280\"><a href=\"https:\/\/asqhub.com\/arbidia\/faq-freightsure\/\" data-ps2id-api=\"true\">FAQ<\/a><\/li>\n<\/ul><\/div><\/div>\n\t\t<\/div>\n\t<\/div>\n<\/div><\/div><\/div><\/div><\/div><div style=\"\" class=\"vc_row wpb_row vc_row-fluid vc_custom_1575621518082\"><div class=\"row-inner\"><div class=\"wpb_column vc_column_container vc_col-sm-12\"><div class=\"vc_column-inner\"><div class=\"wpb_wrapper\"><h3 style=\"text-align: center\" class=\"vc_custom_heading vc_do_custom_heading\" >Questions Fr\u00e9quentes \u2013 FAQ<\/h3><div class=\"vc_empty_space\"   style=\"height: 40px\"><span class=\"vc_empty_space_inner\"><\/span><\/div><div class=\"vc_row wpb_row vc_inner vc_row-fluid\"><div class=\"wpb_column vc_column_container vc_col-sm-6\"><div class=\"vc_column-inner\"><div class=\"wpb_wrapper\"><div  class=\"vc_do_toggle vc_toggle vc_toggle_default vc_toggle_color_default  vc_toggle_size_md\"><div class=\"vc_toggle_title\"><h4>Quels capteurs sont compatibles avec FREIGHTSURE?<\/h4><i class=\"vc_toggle_icon\"><\/i><\/div><div class=\"vc_toggle_content\"><p>FREIGHTSURE est con\u00e7u pour fonctionner avec une large gamme de capteurs IoT standards et<br \/>\nsp\u00e9cifiques aux m\u00e9tiers du transport :<br \/>\n\u2022 Capteurs de temp\u00e9rature<br \/>\n\u2022 Capteurs de pression et de niveau<br \/>\n\u2022 Capteurs de gaz ou de vibrations<br \/>\n\u2022 Capteurs d\u2019ouverture de portes<br \/>\n\u2022 Syst\u00e8mes de g\u00e9olocalisation (GPS)<br \/>\nL\u2019int\u00e9gration se fait via des API s\u00e9curis\u00e9es et ouvertes, ce qui permet une adaptation rapide \u00e0<br \/>\nvotre parc de capteurs existant ou \u00e0 venir.<\/p>\n<\/div><\/div><div  class=\"vc_do_toggle vc_toggle vc_toggle_default vc_toggle_color_default  vc_toggle_size_md\"><div class=\"vc_toggle_title\"><h4>Peut-on personnaliser les modules selon nos m\u00e9tiers ou contraintes sp\u00e9cifiques?<\/h4><i class=\"vc_toggle_icon\"><\/i><\/div><div class=\"vc_toggle_content\"><p>Oui. FREIGHTSURE a \u00e9t\u00e9 con\u00e7u comme une solution modulaire et flexible. Nous adaptons chaque module (navigation, planification, suivi, etc.) selon vos processus internes, vos obligations r\u00e9glementaires et les types de marchandises transport\u00e9es. Que vous soyez dans l\u2019agroalimentaire, le p\u00e9trole, la distribution ou les collectivit\u00e9s, nous construisons avec vous une solution sur mesure.<\/p>\n<\/div><\/div><div  class=\"vc_do_toggle vc_toggle vc_toggle_default vc_toggle_color_default  vc_toggle_size_md\"><div class=\"vc_toggle_title\"><h4>FREIGHTSURE fonctionne-t-il dans des environnements isol\u00e9s ou ruraux?<\/h4><i class=\"vc_toggle_icon\"><\/i><\/div><div class=\"vc_toggle_content\"><p>Absolument. Gr\u00e2ce \u00e0 des technologies hybrides (connexion 4G\/5G, satellite ou radio selon les zones), FREIGHTSURE reste op\u00e9rationnel m\u00eame dans des environnements \u00e0 faible connectivit\u00e9. En cas de coupure r\u00e9seau, les donn\u00e9es sont stock\u00e9es localement et automatiquement synchronis\u00e9es d\u00e8s que le signal revient.<\/p>\n<\/div><\/div><\/div><\/div><\/div><div class=\"wpb_column vc_column_container vc_col-sm-6\"><div class=\"vc_column-inner\"><div class=\"wpb_wrapper\"><div  class=\"vc_do_toggle vc_toggle vc_toggle_default vc_toggle_color_default  vc_toggle_size_md\"><div class=\"vc_toggle_title\"><h4>Comment int\u00e9grer FREIGHTSURE \u00e0 mon ERP ou \u00e0 d\u2019autres outils internes ?<\/h4><i class=\"vc_toggle_icon\"><\/i><\/div><div class=\"vc_toggle_content\"><p>FREIGHTSURE propose une architecture API-first, ce qui facilite l\u2019int\u00e9gration avec tous types de syst\u00e8mes (ERP, WMS, CRM, plateformes e-commerce, etc.). Nos \u00e9quipes techniques vous accompagnent dans la mise en place de connexions s\u00e9curis\u00e9es et dans le mappage des donn\u00e9es pour garantir une synchronisation fluide entre vos outils.<\/p>\n<\/div><\/div><div  class=\"vc_do_toggle vc_toggle vc_toggle_default vc_toggle_color_default  vc_toggle_size_md\"><div class=\"vc_toggle_title\"><h4>Est-ce que les donn\u00e9es collect\u00e9es sont s\u00e9curis\u00e9es?<\/h4><i class=\"vc_toggle_icon\"><\/i><\/div><div class=\"vc_toggle_content\"><p>Oui. Toutes les donn\u00e9es collect\u00e9es par FREIGHTSURE sont crypt\u00e9es (SSL\/TLS), stock\u00e9es sur des serveurs s\u00e9curis\u00e9s et conformes aux normes de protection des donn\u00e9es en vigueur (RGPD, ISO 27001, etc.). De plus, nous mettons en place des contr\u00f4les d\u2019acc\u00e8s personnalis\u00e9s et des audits r\u00e9guliers pour garantir la confidentialit\u00e9 et l\u2019int\u00e9grit\u00e9 de vos informations.<\/p>\n<\/div><\/div><div  class=\"vc_do_toggle vc_toggle vc_toggle_default vc_toggle_color_default  vc_toggle_size_md\"><div class=\"vc_toggle_title\"><h4>Combien de temps faut-il pour d\u00e9ployer FREIGHTSURE?<\/h4><i class=\"vc_toggle_icon\"><\/i><\/div><div class=\"vc_toggle_content\"><p>Le d\u00e9ploiement d\u00e9pend de la taille de votre flotte et de vos besoins sp\u00e9cifiques. En moyenne, un d\u00e9ploiement standard peut se faire en moins de 30 jours. Nos \u00e9quipes assurent un accompagnement complet : installation, formation, param\u00e9trage, tests et mise en production.<\/p>\n<\/div><\/div><\/div><\/div><\/div><\/div><div class=\"vc_empty_space\"   style=\"height: 30px\"><span class=\"vc_empty_space_inner\"><\/span><\/div>\n\t<div class=\"wpb_text_column wpb_content_element\" >\n\t\t<div class=\"wpb_wrapper\">\n\t\t\t<p style=\"text-align: center;\">Vous n&rsquo;avez pas trouv\u00e9 votre r\u00e9ponse ?<br \/>\n<a class=\"dot\" href=\"https:\/\/asqhub.com\/arbidia\/contact-us\/\" target=\"_blank\" rel=\"noopener\">Posez une question.<\/a><\/p>\n\n\t\t<\/div>\n\t<\/div>\n<\/div><\/div><\/div><\/div><\/div>\n<\/div>","protected":false},"excerpt":{"rendered":"Avez-vous des questions?Trouvez des r\u00e9ponses et des solutions aux probl\u00e8mes informatiques courants. Si vous ne trouvez pas de r\u00e9ponse, contactez-nous ; nous serons ravis de vous aider. Rechercher\u00a0: Veuillez appeler notre bureau au +216 29 849 431 ou nous envoyer un e-mail avec votre question Transport de Collectivit\u00e9s &#038; Produits Laitiers Transport d\u2019Hydrocarbures Transport Agricole [...]","protected":false},"author":1,"featured_media":0,"parent":0,"menu_order":0,"comment_status":"closed","ping_status":"closed","template":"tmpl\/template-fullwidth.php","meta":{"_acf_changed":false,"om_disable_all_campaigns":false,"pagelayer_contact_templates":[],"_pagelayer_content":"","_monsterinsights_skip_tracking":false,"_monsterinsights_sitenote_active":false,"_monsterinsights_sitenote_note":"","_monsterinsights_sitenote_category":0,"footnotes":""},"class_list":["post-1967","page","type-page","status-publish","hentry"],"acf":[],"aioseo_notices":[],"_links":{"self":[{"href":"https:\/\/asqhub.com\/arbidia\/wp-json\/wp\/v2\/pages\/1967","targetHints":{"allow":["GET"]}}],"collection":[{"href":"https:\/\/asqhub.com\/arbidia\/wp-json\/wp\/v2\/pages"}],"about":[{"href":"https:\/\/asqhub.com\/arbidia\/wp-json\/wp\/v2\/types\/page"}],"author":[{"embeddable":true,"href":"https:\/\/asqhub.com\/arbidia\/wp-json\/wp\/v2\/users\/1"}],"replies":[{"embeddable":true,"href":"https:\/\/asqhub.com\/arbidia\/wp-json\/wp\/v2\/comments?post=1967"}],"version-history":[{"count":5,"href":"https:\/\/asqhub.com\/arbidia\/wp-json\/wp\/v2\/pages\/1967\/revisions"}],"predecessor-version":[{"id":2024,"href":"https:\/\/asqhub.com\/arbidia\/wp-json\/wp\/v2\/pages\/1967\/revisions\/2024"}],"wp:attachment":[{"href":"https:\/\/asqhub.com\/arbidia\/wp-json\/wp\/v2\/media?parent=1967"}],"curies":[{"name":"wp","href":"https:\/\/api.w.org\/{rel}","templated":true}]}}